{"id":7264,"date":"2026-01-06T20:28:08","date_gmt":"2026-01-06T19:28:08","guid":{"rendered":"https:\/\/parafiakaliska.pl\/?page_id=7264"},"modified":"2026-01-06T20:42:29","modified_gmt":"2026-01-06T19:42:29","slug":"parafialny-zespol-caritas","status":"publish","type":"page","link":"https:\/\/parafiakaliska.pl\/index.php\/grupy-parafialne\/parafialny-zespol-caritas\/","title":{"rendered":"Schola Parafialna &#8222;Dzieci Maryi&#8221;"},"content":{"rendered":"\t\t<div data-elementor-type=\"wp-page\" data-elementor-id=\"7264\" class=\"elementor elementor-7264\">\n\t\t\t\t\t\t<section class=\"elementor-section elementor-top-section elementor-element elementor-element-02cc874 elementor-section-boxed elementor-section-height-default elementor-section-height-default\" data-id=\"02cc874\" data-element_type=\"section\" data-settings=\"{&quot;background_background&quot;:&quot;classic&quot;}\">\n\t\t\t\t\t\t\t<div class=\"elementor-background-overlay\"><\/div>\n\t\t\t\t\t\t\t<div class=\"elementor-container elementor-column-gap-default\">\n\t\t\t\t\t<div class=\"elementor-column elementor-col-100 elementor-top-column elementor-element elementor-element-bae0f03\" data-id=\"bae0f03\" data-element_type=\"column\">\n\t\t\t<div class=\"elementor-widget-wrap\">\n\t\t\t\t\t\t\t<\/div>\n\t\t<\/div>\n\t\t\t\t\t<\/div>\n\t\t<\/section>\n\t\t\t\t<section class=\"elementor-section elementor-top-section elementor-element elementor-element-e45d09f elementor-section-boxed elementor-section-height-default elementor-section-height-default\" data-id=\"e45d09f\" data-element_type=\"section\">\n\t\t\t\t\t\t<div class=\"elementor-container elementor-column-gap-default\">\n\t\t\t\t\t<div class=\"elementor-column elementor-col-100 elementor-top-column elementor-element elementor-element-768673a\" data-id=\"768673a\" data-element_type=\"column\">\n\t\t\t<div class=\"elementor-widget-wrap elementor-element-populated\">\n\t\t\t\t\t\t<div class=\"elementor-element elementor-element-43c365b elementor-widget-divider--view-line_icon elementor-hidden-mobile elementor-view-default elementor-widget-divider--element-align-center elementor-widget elementor-widget-divider\" data-id=\"43c365b\" data-element_type=\"widget\" data-widget_type=\"divider.default\">\n\t\t\t\t<div class=\"elementor-widget-container\">\n\t\t\t\t\t\t\t<div class=\"elementor-divider\">\n\t\t\t<span class=\"elementor-divider-separator\">\n\t\t\t\t\t\t\t<div class=\"elementor-icon elementor-divider__element\">\n\t\t\t\t\t<i aria-hidden=\"true\" class=\"fas fa-cross\"><\/i><\/div>\n\t\t\t\t\t\t<\/span>\n\t\t<\/div>\n\t\t\t\t\t\t<\/div>\n\t\t\t\t<\/div>\n\t\t\t\t\t<\/div>\n\t\t<\/div>\n\t\t\t\t\t<\/div>\n\t\t<\/section>\n\t\t\t\t<section class=\"elementor-section elementor-top-section elementor-element elementor-element-d141bd5 elementor-section-boxed elementor-section-height-default elementor-section-height-default\" data-id=\"d141bd5\" data-element_type=\"section\">\n\t\t\t\t\t\t<div class=\"elementor-container elementor-column-gap-default\">\n\t\t\t\t\t<div class=\"elementor-column elementor-col-100 elementor-top-column elementor-element elementor-element-0f9bb5b\" data-id=\"0f9bb5b\" data-element_type=\"column\">\n\t\t\t<div class=\"elementor-widget-wrap elementor-element-populated\">\n\t\t\t\t\t\t<div class=\"elementor-element elementor-element-0575856 elementor-widget elementor-widget-heading\" data-id=\"0575856\" data-element_type=\"widget\" data-widget_type=\"heading.default\">\n\t\t\t\t<div class=\"elementor-widget-container\">\n\t\t\t\t\t<h3 class=\"elementor-heading-title elementor-size-default\">SCHOLA PARAFIALNA \"DZIECI MARYI\"<\/h3>\t\t\t\t<\/div>\n\t\t\t\t<\/div>\n\t\t\t\t\t<\/div>\n\t\t<\/div>\n\t\t\t\t\t<\/div>\n\t\t<\/section>\n\t\t\t\t<section class=\"elementor-section elementor-inner-section elementor-element elementor-element-0fb88bd elementor-section-full_width elementor-section-height-default elementor-section-height-default\" data-id=\"0fb88bd\" data-element_type=\"section\">\n\t\t\t\t\t\t<div class=\"elementor-container elementor-column-gap-default\">\n\t\t\t\t\t<div class=\"elementor-column elementor-col-100 elementor-inner-column elementor-element elementor-element-7cfa537\" data-id=\"7cfa537\" data-element_type=\"column\">\n\t\t\t<div class=\"elementor-widget-wrap elementor-element-populated\">\n\t\t\t\t\t\t<div class=\"elementor-element elementor-element-59772e8 elementor-widget elementor-widget-text-editor\" data-id=\"59772e8\" data-element_type=\"widget\" data-widget_type=\"text-editor.default\">\n\t\t\t\t<div class=\"elementor-widget-container\">\n\t\t\t\t\t\t\t\t\t<h5><strong>Z rado\u015bci\u0105 informujemy, \u017ce w naszej parafii powsta\u0142a schola dzieci\u0119ca, <br \/><\/strong><strong>kt\u00f3ra przyj\u0119\u0142a nazw\u0119<br \/>\u201eDzieci Maryi\u201d.<\/strong><\/h5>\t\t\t\t\t\t\t\t<\/div>\n\t\t\t\t<\/div>\n\t\t\t\t<div class=\"elementor-element elementor-element-d5a0254 elementor-widget elementor-widget-text-editor\" data-id=\"d5a0254\" data-element_type=\"widget\" data-widget_type=\"text-editor.default\">\n\t\t\t\t<div class=\"elementor-widget-container\">\n\t\t\t\t\t\t\t\t\t<p>Oddaj\u0105c si\u0119 pod opiek\u0119 Matki Bo\u017cej, najm\u0142odsi poprzez \u015bpiew pragn\u0105 chwali\u0107 Boga oraz ubogaca\u0107 liturgi\u0119 swoim zaanga\u017cowaniem i rado\u015bci\u0105.<\/p><p>Schola tworzy wsp\u00f3lnot\u0119 12 dziewczynek, kt\u00f3re regularnie uczestnicz\u0105 w pr\u00f3bach i oprawie muzycznej Mszy \u015awi\u0119tych. Jest to miejsce rozwijania talent\u00f3w, nauki odpowiedzialno\u015bci oraz budowania wi\u0119zi we wsp\u00f3lnocie Ko\u015bcio\u0142a.<\/p><p>Opiek\u0119 nad schol\u0105 sprawuj\u0105 Maria Czapiewska oraz Natalia Osnowska, dbaj\u0105c o formacj\u0119 muzyczn\u0105 i duchow\u0105 dzieci.<\/p><p>\u00a0<\/p>\t\t\t\t\t\t\t\t<\/div>\n\t\t\t\t<\/div>\n\t\t\t\t\t<\/div>\n\t\t<\/div>\n\t\t\t\t\t<\/div>\n\t\t<\/section>\n\t\t\t\t<section class=\"elementor-section elementor-inner-section elementor-element elementor-element-164667b elementor-section-full_width elementor-section-height-default elementor-section-height-default\" data-id=\"164667b\" data-element_type=\"section\">\n\t\t\t\t\t\t<div class=\"elementor-container elementor-column-gap-default\">\n\t\t\t\t\t<div class=\"elementor-column elementor-col-100 elementor-inner-column elementor-element elementor-element-08ba82a\" data-id=\"08ba82a\" data-element_type=\"column\">\n\t\t\t<div class=\"elementor-widget-wrap elementor-element-populated\">\n\t\t\t\t\t\t<div class=\"elementor-element elementor-element-ad09f04 elementor-widget elementor-widget-text-editor\" data-id=\"ad09f04\" data-element_type=\"widget\" data-widget_type=\"text-editor.default\">\n\t\t\t\t<div class=\"elementor-widget-container\">\n\t\t\t\t\t\t\t\t\t<h5><strong>Niech \u015bpiew scholi \u201eDzieci Maryi\u201d stanie si\u0119 pi\u0119kn\u0105 modlitw\u0105 <br \/>i radosnym \u015bwiadectwem wiary w naszej parafii.<\/strong><\/h5>\t\t\t\t\t\t\t\t<\/div>\n\t\t\t\t<\/div>\n\t\t\t\t\t<\/div>\n\t\t<\/div>\n\t\t\t\t\t<\/div>\n\t\t<\/section>\n\t\t\t\t<\/div>\n\t\t","protected":false},"excerpt":{"rendered":"<p>SCHOLA PARAFIALNA &#8222;DZIECI MARYI&#8221; Z rado\u015bci\u0105 informujemy, \u017ce w naszej parafii powsta\u0142a schola dzieci\u0119ca, kt\u00f3ra przyj\u0119\u0142a nazw\u0119\u201eDzieci Maryi\u201d. Oddaj\u0105c si\u0119 pod opiek\u0119 Matki Bo\u017cej, najm\u0142odsi poprzez \u015bpiew pragn\u0105 chwali\u0107 Boga oraz ubogaca\u0107 liturgi\u0119 swoim zaanga\u017cowaniem i rado\u015bci\u0105. Schola tworzy wsp\u00f3lnot\u0119 12 dziewczynek, kt\u00f3re regularnie uczestnicz\u0105 w pr\u00f3bach i oprawie muzycznej Mszy \u015awi\u0119tych. Jest to miejsce &hellip;<\/p>\n<p class=\"read-more\"> <a class=\"\" href=\"https:\/\/parafiakaliska.pl\/index.php\/grupy-parafialne\/parafialny-zespol-caritas\/\"> <span class=\"screen-reader-text\">Schola Parafialna &#8222;Dzieci Maryi&#8221;<\/span> Read More &raquo;<\/a><\/p>\n","protected":false},"author":1,"featured_media":0,"parent":1139,"menu_order":0,"comment_status":"closed","ping_status":"closed","template":"","meta":{"_eb_attr":"","site-sidebar-layout":"no-sidebar","site-content-layout":"page-builder","ast-global-header-display":"","ast-main-header-display":"","ast-hfb-above-header-display":"","ast-hfb-below-header-display":"","ast-hfb-mobile-header-display":"","site-post-title":"disabled","ast-breadcrumbs-content":"","ast-featured-img":"disabled","footer-sml-layout":"","theme-transparent-header-meta":"","adv-header-id-meta":"","stick-header-meta":"","header-above-stick-meta":"","header-main-stick-meta":"","header-below-stick-meta":"","footnotes":""},"class_list":["post-7264","page","type-page","status-publish","hentry"],"_links":{"self":[{"href":"https:\/\/parafiakaliska.pl\/index.php\/wp-json\/wp\/v2\/pages\/7264","targetHints":{"allow":["GET"]}}],"collection":[{"href":"https:\/\/parafiakaliska.pl\/index.php\/wp-json\/wp\/v2\/pages"}],"about":[{"href":"https:\/\/parafiakaliska.pl\/index.php\/wp-json\/wp\/v2\/types\/page"}],"author":[{"embeddable":true,"href":"https:\/\/parafiakaliska.pl\/index.php\/wp-json\/wp\/v2\/users\/1"}],"replies":[{"embeddable":true,"href":"https:\/\/parafiakaliska.pl\/index.php\/wp-json\/wp\/v2\/comments?post=7264"}],"version-history":[{"count":35,"href":"https:\/\/parafiakaliska.pl\/index.php\/wp-json\/wp\/v2\/pages\/7264\/revisions"}],"predecessor-version":[{"id":7300,"href":"https:\/\/parafiakaliska.pl\/index.php\/wp-json\/wp\/v2\/pages\/7264\/revisions\/7300"}],"up":[{"embeddable":true,"href":"https:\/\/parafiakaliska.pl\/index.php\/wp-json\/wp\/v2\/pages\/1139"}],"wp:attachment":[{"href":"https:\/\/parafiakaliska.pl\/index.php\/wp-json\/wp\/v2\/media?parent=7264"}],"curies":[{"name":"wp","href":"https:\/\/api.w.org\/{rel}","templated":true}]}}