{"id":1145,"date":"2023-03-15T22:24:19","date_gmt":"2023-03-15T21:24:19","guid":{"rendered":"http:\/\/wordpress2386094.home.pl\/parafiakaliska\/?page_id=1145"},"modified":"2024-04-05T14:57:06","modified_gmt":"2024-04-05T12:57:06","slug":"rycerze-kolumba","status":"publish","type":"page","link":"https:\/\/parafiakaliska.pl\/index.php\/rycerze-kolumba\/","title":{"rendered":"Rycerze Kolumba"},"content":{"rendered":"\t\t<div data-elementor-type=\"wp-post\" data-elementor-id=\"1145\" class=\"elementor elementor-1145\">\n\t\t\t\t\t\t<section class=\"elementor-section elementor-top-section elementor-element elementor-element-7ac9ca5 elementor-section-boxed elementor-section-height-default elementor-section-height-default\" data-id=\"7ac9ca5\" data-element_type=\"section\" data-settings=\"{&quot;background_background&quot;:&quot;classic&quot;}\">\n\t\t\t\t\t\t\t<div class=\"elementor-background-overlay\"><\/div>\n\t\t\t\t\t\t\t<div class=\"elementor-container elementor-column-gap-default\">\n\t\t\t\t\t<div class=\"elementor-column elementor-col-100 elementor-top-column elementor-element elementor-element-13e7be0\" data-id=\"13e7be0\" data-element_type=\"column\">\n\t\t\t<div class=\"elementor-widget-wrap\">\n\t\t\t\t\t\t\t<\/div>\n\t\t<\/div>\n\t\t\t\t\t<\/div>\n\t\t<\/section>\n\t\t\t\t<section class=\"elementor-section elementor-top-section elementor-element elementor-element-16e70d21 elementor-section-boxed elementor-section-height-default elementor-section-height-default\" data-id=\"16e70d21\" data-element_type=\"section\">\n\t\t\t\t\t\t<div class=\"elementor-container elementor-column-gap-default\">\n\t\t\t\t\t<div class=\"elementor-column elementor-col-100 elementor-top-column elementor-element elementor-element-69fbcd05\" data-id=\"69fbcd05\" data-element_type=\"column\">\n\t\t\t<div class=\"elementor-widget-wrap elementor-element-populated\">\n\t\t\t\t\t\t<div class=\"elementor-element elementor-element-5db4bb49 elementor-widget-divider--view-line_icon elementor-hidden-mobile elementor-view-default elementor-widget-divider--element-align-center elementor-widget elementor-widget-divider\" data-id=\"5db4bb49\" data-element_type=\"widget\" data-widget_type=\"divider.default\">\n\t\t\t\t<div class=\"elementor-widget-container\">\n\t\t\t\t\t\t\t<div class=\"elementor-divider\">\n\t\t\t<span class=\"elementor-divider-separator\">\n\t\t\t\t\t\t\t<div class=\"elementor-icon elementor-divider__element\">\n\t\t\t\t\t<i aria-hidden=\"true\" class=\"fas fa-cross\"><\/i><\/div>\n\t\t\t\t\t\t<\/span>\n\t\t<\/div>\n\t\t\t\t\t\t<\/div>\n\t\t\t\t<\/div>\n\t\t\t\t\t<\/div>\n\t\t<\/div>\n\t\t\t\t\t<\/div>\n\t\t<\/section>\n\t\t\t\t<section class=\"elementor-section elementor-top-section elementor-element elementor-element-46145a41 elementor-section-boxed elementor-section-height-default elementor-section-height-default\" data-id=\"46145a41\" data-element_type=\"section\" id=\"xs_cta_style_16\">\n\t\t\t\t\t\t<div class=\"elementor-container elementor-column-gap-default\">\n\t\t\t\t\t<div class=\"elementor-column elementor-col-100 elementor-top-column elementor-element elementor-element-416e9fdb\" data-id=\"416e9fdb\" data-element_type=\"column\">\n\t\t\t<div class=\"elementor-widget-wrap elementor-element-populated\">\n\t\t\t\t\t\t<div class=\"elementor-element elementor-element-788fc243 elementor-widget elementor-widget-heading\" data-id=\"788fc243\" data-element_type=\"widget\" data-widget_type=\"heading.default\">\n\t\t\t\t<div class=\"elementor-widget-container\">\n\t\t\t\t\t<h3 class=\"elementor-heading-title elementor-size-default\">Rycerze Kolumba<\/h3>\t\t\t\t<\/div>\n\t\t\t\t<\/div>\n\t\t\t\t<section class=\"elementor-section elementor-inner-section elementor-element elementor-element-8fbc430 elementor-section-full_width elementor-section-height-default elementor-section-height-default\" data-id=\"8fbc430\" data-element_type=\"section\">\n\t\t\t\t\t\t<div class=\"elementor-container elementor-column-gap-default\">\n\t\t\t\t\t<div class=\"elementor-column elementor-col-100 elementor-inner-column elementor-element elementor-element-6fe6a5ae\" data-id=\"6fe6a5ae\" data-element_type=\"column\">\n\t\t\t<div class=\"elementor-widget-wrap elementor-element-populated\">\n\t\t\t\t\t\t<div class=\"elementor-element elementor-element-5d7198dd elementor-widget elementor-widget-elementskit-accordion\" data-id=\"5d7198dd\" data-element_type=\"widget\" data-widget_type=\"elementskit-accordion.default\">\n\t\t\t\t<div class=\"elementor-widget-container\">\n\t\t\t\t\t<div class=\"ekit-wid-con\" >\n        <div class=\"elementskit-accordion accoedion-primary\" id=\"accordion-69e736b1b476d\">\n\n            \n                <div class=\"elementskit-card active\">\n                    <div class=\"elementskit-card-header\" id=\"primaryHeading-0-5d7198dd\">\n                        <a href=\"#collapse-bc2283069e736b1b476d\" class=\"ekit-accordion--toggler elementskit-btn-link collapsed\" data-ekit-toggle=\"collapse\" data-target=\"#Collapse-bc2283069e736b1b476d\" aria-expanded=\"true\" aria-controls=\"Collapse-bc2283069e736b1b476d\">\n                            \n                            <span class=\"ekit-accordion-title\">HISTORIA POWSTANIA ZAKONU<\/span>\n\n                            \n                                <div class=\"ekit_accordion_icon_group\">\n                                    <div class=\"ekit_accordion_normal_icon\">\n                                        <!-- Normal Icon -->\n\t\t\t\t\t\t\t\t\t\t<i class=\"fasicon icon-arrow-down\"><\/i>                                    <\/div>\n\n                                    <div class=\"ekit_accordion_active_icon\">\n                                        <!-- Active Icon -->\n\t\t\t\t\t\t\t\t\t\t<i class=\"fasicon icon-arrow-up\"><\/i>                                    <\/div>\n                                <\/div>\n\n                            \n                                                    <\/a>\n                    <\/div>\n\n                    <div id=\"Collapse-bc2283069e736b1b476d\" class=\" show collapse\" aria-labelledby=\"primaryHeading-0-5d7198dd\" data-parent=\"#accordion-69e736b1b476d\">\n\n                        <div class=\"elementskit-card-body ekit-accordion--content\">\n                            <p><span style=\"font-weight: 400\">W Stanach Zjednoczonych Ameryki, wiosn\u0105 1882 roku, w ko\u015bciele pw. Naj\u015bwi\u0119tszej Maryi Panny w New Haven w stanie Connecticut, niewielka grupka m\u0119\u017cczyzn pod przewodnictwem ksi\u0119dza Michela J. McGivney\u2019a postanowi\u0142a zaradzi\u0107 narastaj\u0105cym problemom, kt\u00f3re bole\u015bnie dotyka\u0142y \u017cyj\u0105cych tam katolik\u00f3w. W fabrykach panowa\u0142 wyzysk, wielu ojc\u00f3w rodzin gin\u0119\u0142o przy pracy, pozostawiaj\u0105c sieroty i wdowy. Szerzy\u0142 si\u0119 antyklerykalizm, narasta\u0142y uprzedzenia na tle narodowo\u015bciowym.<\/span><\/p><p><span style=\"font-weight: 400\">Ks. McGivney, chc\u0105c rozwi\u0105za\u0107 te problemy, opracowa\u0142 koncepcj\u0119 \u015bwieckiego zakonu katolickich m\u0119\u017cczyzn, kt\u00f3rzy po\u0142\u0105czyli wysi\u0142ki w celu wzajemnego wspierania si\u0119, umacniania w wierze, s\u0142u\u017cenia Ko\u015bcio\u0142owi i spo\u0142eczno\u015bci przez wspieranie ksi\u0119\u017cy i biskup\u00f3w w ich dzia\u0142alno\u015bci oraz udzielanie pomocy ludziom najbardziej potrzebuj\u0105cym.<\/span><\/p><p><span style=\"font-weight: 400\">Po kilkudziesi\u0119ciu latach, rozszerzyli\u015bmy nasz\u0105 dzia\u0142alno\u015b\u0107 poza Stany Zjednoczone na inne kraje, m.in.: Kanad\u0119, Meksyk, Karaiby, Gwatemal\u0119, Panam\u0119, Filipiny. Od kilku lat jeste\u015bmy w krajach europejskich, m.in.: w Polsce, na Litwie i Ukrainie.<\/span><\/p>                        <\/div>\n\n                    <\/div>\n\n                <\/div><!-- .elementskit-card END -->\n\n                \n                <div class=\"elementskit-card \">\n                    <div class=\"elementskit-card-header\" id=\"primaryHeading-1-5d7198dd\">\n                        <a href=\"#collapse-8a5581869e736b1b476d\" class=\"ekit-accordion--toggler elementskit-btn-link collapsed\" data-ekit-toggle=\"collapse\" data-target=\"#Collapse-8a5581869e736b1b476d\" aria-expanded=\"false\" aria-controls=\"Collapse-8a5581869e736b1b476d\">\n                            \n                            <span class=\"ekit-accordion-title\">KIM JESTE\u015aMY?<\/span>\n\n                            \n                                <div class=\"ekit_accordion_icon_group\">\n                                    <div class=\"ekit_accordion_normal_icon\">\n                                        <!-- Normal Icon -->\n\t\t\t\t\t\t\t\t\t\t<i class=\"fasicon icon-arrow-down\"><\/i>                                    <\/div>\n\n                                    <div class=\"ekit_accordion_active_icon\">\n                                        <!-- Active Icon -->\n\t\t\t\t\t\t\t\t\t\t<i class=\"fasicon icon-arrow-up\"><\/i>                                    <\/div>\n                                <\/div>\n\n                            \n                                                    <\/a>\n                    <\/div>\n\n                    <div id=\"Collapse-8a5581869e736b1b476d\" class=\" collapse\" aria-labelledby=\"primaryHeading-1-5d7198dd\" data-parent=\"#accordion-69e736b1b476d\">\n\n                        <div class=\"elementskit-card-body ekit-accordion--content\">\n                            <p><span style=\"font-weight: 400\">Jeste\u015bmy najliczniejsz\u0105 na \u015bwiecie organizacj\u0105 katolik\u00f3w \u015bwieckich, oddanych s\u0142u\u017cbie Ko\u015bcio\u0142owi. Na ca\u0142ym \u015bwiecie w naszych szeregach s\u0105 prawie 2 miliony m\u0119\u017cczyzn.<\/span><\/p><p><span style=\"font-weight: 400\">Realizuj\u0105c \u017cyczenie \u015awi\u0119tego Jana Paw\u0142a II, przybyli\u015bmy do Europy. W 2006 roku powsta\u0142y pierwsze Rady Rycerzy Kolumba w Polsce.<\/span><\/p>                        <\/div>\n\n                    <\/div>\n\n                <\/div><!-- .elementskit-card END -->\n\n                \n                <div class=\"elementskit-card \">\n                    <div class=\"elementskit-card-header\" id=\"primaryHeading-2-5d7198dd\">\n                        <a href=\"#collapse-dec11e069e736b1b476d\" class=\"ekit-accordion--toggler elementskit-btn-link collapsed\" data-ekit-toggle=\"collapse\" data-target=\"#Collapse-dec11e069e736b1b476d\" aria-expanded=\"false\" aria-controls=\"Collapse-dec11e069e736b1b476d\">\n                            \n                            <span class=\"ekit-accordion-title\">CO ROBIMY?<\/span>\n\n                            \n                                <div class=\"ekit_accordion_icon_group\">\n                                    <div class=\"ekit_accordion_normal_icon\">\n                                        <!-- Normal Icon -->\n\t\t\t\t\t\t\t\t\t\t<i class=\"fasicon icon-arrow-down\"><\/i>                                    <\/div>\n\n                                    <div class=\"ekit_accordion_active_icon\">\n                                        <!-- Active Icon -->\n\t\t\t\t\t\t\t\t\t\t<i class=\"fasicon icon-arrow-up\"><\/i>                                    <\/div>\n                                <\/div>\n\n                            \n                                                    <\/a>\n                    <\/div>\n\n                    <div id=\"Collapse-dec11e069e736b1b476d\" class=\" collapse\" aria-labelledby=\"primaryHeading-2-5d7198dd\" data-parent=\"#accordion-69e736b1b476d\">\n\n                        <div class=\"elementskit-card-body ekit-accordion--content\">\n                            <p><span style=\"font-weight: 400\">G\u0142\u00f3wne obszary naszej dzia\u0142alno\u015bci:<\/span><\/p><p><b>KO\u015aCI\u00d3\u0141: <\/b><span style=\"font-weight: 400\">apostolat \u015bwieckich, ewangelizacja, wspieranie powo\u0142a\u0144, prace porz\u0105dkowe przy ko\u015bciele, modlitwa, aktywne uczestnictwo w liturgii, obrona warto\u015bci religijnych;<\/span><\/p><p><b>SPO\u0141ECZNO\u015a\u0106: <\/b><span style=\"font-weight: 400\">dzia\u0142alno\u015b\u0107 charytatywna, programy pomocy potrzebuj\u0105cym, bezdomnym, niepe\u0142nosprawnym, osobom starszym i chorym;<\/span><\/p><p><b>KULTURA \u017bYCIA: <\/b><span style=\"font-weight: 400\">obrona \u017cycia od pocz\u0119cia do naturalnej \u015bmierci;<\/span><\/p><p><b>RODZINA:<\/b><span style=\"font-weight: 400\"> ukazywanie warto\u015bci rodziny, umacnianie wi\u0119zi rodzinnych, rekolekcje rodzin;<\/span><\/p><p><b>M\u0141ODZIE\u017b: <\/b><span style=\"font-weight: 400\">formacja religijna i patriotyczna, wdra\u017canie w zdrowe relacje kole\u017ce\u0144skie, troska o zdrowie duszy i cia\u0142a poprzez katechez\u0119 i sport;<\/span><\/p><p><b>RADA:<\/b><span style=\"font-weight: 400\"> braterstwo oparte na mi\u0142o\u015bci bli\u017aniego i jedno\u015bci, wsp\u00f3lnym dzia\u0142aniu i wzajemnym wspieraniu si\u0119.<\/span><\/p>                        <\/div>\n\n                    <\/div>\n\n                <\/div><!-- .elementskit-card END -->\n\n                \n                <div class=\"elementskit-card \">\n                    <div class=\"elementskit-card-header\" id=\"primaryHeading-3-5d7198dd\">\n                        <a href=\"#collapse-f60b4d469e736b1b476d\" class=\"ekit-accordion--toggler elementskit-btn-link collapsed\" data-ekit-toggle=\"collapse\" data-target=\"#Collapse-f60b4d469e736b1b476d\" aria-expanded=\"false\" aria-controls=\"Collapse-f60b4d469e736b1b476d\">\n                            \n                            <span class=\"ekit-accordion-title\">ABY ZOSTA\u0106 RYCERZEM KOLUMBA WYSTARCZY, \u017bE:<\/span>\n\n                            \n                                <div class=\"ekit_accordion_icon_group\">\n                                    <div class=\"ekit_accordion_normal_icon\">\n                                        <!-- Normal Icon -->\n\t\t\t\t\t\t\t\t\t\t<i class=\"fasicon icon-arrow-down\"><\/i>                                    <\/div>\n\n                                    <div class=\"ekit_accordion_active_icon\">\n                                        <!-- Active Icon -->\n\t\t\t\t\t\t\t\t\t\t<i class=\"fasicon icon-arrow-up\"><\/i>                                    <\/div>\n                                <\/div>\n\n                            \n                                                    <\/a>\n                    <\/div>\n\n                    <div id=\"Collapse-f60b4d469e736b1b476d\" class=\" collapse\" aria-labelledby=\"primaryHeading-3-5d7198dd\" data-parent=\"#accordion-69e736b1b476d\">\n\n                        <div class=\"elementskit-card-body ekit-accordion--content\">\n                            <ul><li><span style=\"font-weight: 400\">jeste\u015b m\u0119\u017cczyzn\u0105;<\/span><\/li><li><span style=\"font-weight: 400\">uko\u0144czy\u0142e\u015b 18 lat;<\/span><\/li><li><span style=\"font-weight: 400\">jeste\u015b praktykuj\u0105cym katolikiem, w \u0142\u0105czno\u015bci ze Stolic\u0105 Apostolsk\u0105, przyst\u0119puj\u0105cym do Sakrament\u00f3w \u015awi\u0119tych.<\/span><\/li><\/ul>                        <\/div>\n\n                    <\/div>\n\n                <\/div><!-- .elementskit-card END -->\n\n                \n                <div class=\"elementskit-card \">\n                    <div class=\"elementskit-card-header\" id=\"primaryHeading-4-5d7198dd\">\n                        <a href=\"#collapse-bcd2c1269e736b1b476d\" class=\"ekit-accordion--toggler elementskit-btn-link collapsed\" data-ekit-toggle=\"collapse\" data-target=\"#Collapse-bcd2c1269e736b1b476d\" aria-expanded=\"false\" aria-controls=\"Collapse-bcd2c1269e736b1b476d\">\n                            \n                            <span class=\"ekit-accordion-title\">WST\u0118PUJ\u0104C DO RYCERZY KOLUMBA:<\/span>\n\n                            \n                                <div class=\"ekit_accordion_icon_group\">\n                                    <div class=\"ekit_accordion_normal_icon\">\n                                        <!-- Normal Icon -->\n\t\t\t\t\t\t\t\t\t\t<i class=\"fasicon icon-arrow-down\"><\/i>                                    <\/div>\n\n                                    <div class=\"ekit_accordion_active_icon\">\n                                        <!-- Active Icon -->\n\t\t\t\t\t\t\t\t\t\t<i class=\"fasicon icon-arrow-up\"><\/i>                                    <\/div>\n                                <\/div>\n\n                            \n                                                    <\/a>\n                    <\/div>\n\n                    <div id=\"Collapse-bcd2c1269e736b1b476d\" class=\" collapse\" aria-labelledby=\"primaryHeading-4-5d7198dd\" data-parent=\"#accordion-69e736b1b476d\">\n\n                        <div class=\"elementskit-card-body ekit-accordion--content\">\n                            <ol><li><span style=\"font-weight: 400\">B\u0119dziesz mia\u0142 mo\u017cliwo\u015b\u0107 s\u0142u\u017cenia Ko\u015bcio\u0142owi oraz Twojej lokalnej spo\u0142eczno\u015bci i tym, kt\u00f3rych los najbardziej dotkn\u0105\u0142;<\/span><\/li><li><span style=\"font-weight: 400\">B\u0119dziesz mia\u0142 satysfakcj\u0119 z przynale\u017cno\u015bci do organizacji podzielaj\u0105cej Twoje religijne przekonania, kt\u00f3re \u0142\u0105cz\u0105 m\u0119\u017cczyzn w d\u0105\u017ceniu do wsp\u00f3lnego celu i stwarzaj\u0105 mo\u017cliwo\u015bci zawi\u0105zania i utrwalania na lata przyja\u017ani i braterstwa;<\/span><\/li><li><span style=\"font-weight: 400\">B\u0119dziesz mia\u0142 mo\u017cliwo\u015b\u0107 osobistego rozwoju;<\/span><\/li><li><span style=\"font-weight: 400\">B\u0119dziesz we wsp\u00f3lnocie ok. 2 milion\u00f3w braci i ich rodzin;<\/span><\/li><li><span style=\"font-weight: 400\">Podzi\u0119kujesz Bogu za przeogromny dar \u015awi\u0119tego Jana Paw\u0142a II dla Polski i \u015bwiata, za jego pontyfikat i kanonizacj\u0119;<\/span><\/li><li><span style=\"font-weight: 400\">B\u0119dziesz odczuwa\u0142 s\u0142uszn\u0105 dum\u0119, wiedz\u0105c, \u017ce Zakon Rycerzy Kolumba nie ust\u0119puje nikomu pierwsze\u0144stwa:<\/span><ol><li><span style=\"font-weight: 400\">W s\u0142u\u017ceniu oparciem Ojcu \u015awi\u0119temu, Biskupom i Ksi\u0119\u017com,<\/span><\/li><li><span style=\"font-weight: 400\">W s\u0142u\u017cbie bli\u017anim, szczeg\u00f3lnie tym najbardziej potrzebuj\u0105cym,<\/span><\/li><li><span style=\"font-weight: 400\">W obronie warto\u015bci chrze\u015bcija\u0144skich wobec atak\u00f3w na rodzin\u0119 i \u015bwi\u0119to\u015b\u0107 ludzkiego \u017cycia.<\/span><\/li><\/ol><\/li><\/ol><p><i><span style=\"font-weight: 400\">\u00a0 \u00a0 \u00a0 \u00a0 \u00a0 \u00a0 \u00a0 \u00a0 \u00a0 \u00a0 \u00a0 \u00a0 \u00a0 \u00a0 \u00a0 \u00a0 \u00a0 \u00a0 \u00a0 \u00a0 \u00a0 \u00a0 \u00a0 \u00a0 \u00a0 \u00a0 \u00a0 \u00a0 \u00a0 \u00a0 \u00a0 \u00a0 \u00a0 \u00a0 \u00a0 \u00a0 \u00a0 \u00a0 \u00a0 \u00a0 \u00a0 \u00a0 \u00a0 \u00a0 \u00a0 \u00a0 \u00a0 \u00a0 \u00a0 \u00a0 \u00a0 \u00a0 \u00a0 \u00a0 \u00a0 \u00a0 \u00a0 \u00a0 \u00a0 \u00a0 \u00a0 \u00a0 \u00a0\u201cW s\u0142u\u017cbie jednemu,\u00a0<\/span><\/i><i><span style=\"font-weight: 400\">\u00a0w s\u0142u\u017cbie wszystkim\u201d<\/span><\/i><\/p>                        <\/div>\n\n                    <\/div>\n\n                <\/div><!-- .elementskit-card END -->\n\n                                        <\/div>\n    <\/div>\t\t\t\t<\/div>\n\t\t\t\t<\/div>\n\t\t\t\t\t<\/div>\n\t\t<\/div>\n\t\t\t\t\t<\/div>\n\t\t<\/section>\n\t\t\t\t\t<\/div>\n\t\t<\/div>\n\t\t\t\t\t<\/div>\n\t\t<\/section>\n\t\t\t\t<\/div>\n\t\t","protected":false},"excerpt":{"rendered":"<p>Rycerze Kolumba HISTORIA POWSTANIA ZAKONU W Stanach Zjednoczonych Ameryki, wiosn\u0105 1882 roku, w ko\u015bciele pw. Naj\u015bwi\u0119tszej Maryi Panny w New Haven w stanie Connecticut, niewielka grupka m\u0119\u017cczyzn pod przewodnictwem ksi\u0119dza Michela J. McGivney\u2019a postanowi\u0142a zaradzi\u0107 narastaj\u0105cym problemom, kt\u00f3re bole\u015bnie dotyka\u0142y \u017cyj\u0105cych tam katolik\u00f3w. W fabrykach panowa\u0142 wyzysk, wielu ojc\u00f3w rodzin gin\u0119\u0142o przy pracy, pozostawiaj\u0105c sieroty &hellip;<\/p>\n<p class=\"read-more\"> <a class=\"\" href=\"https:\/\/parafiakaliska.pl\/index.php\/rycerze-kolumba\/\"> <span class=\"screen-reader-text\">Rycerze Kolumba<\/span> Read More &raquo;<\/a><\/p>\n","protected":false},"author":1,"featured_media":0,"parent":0,"menu_order":0,"comment_status":"closed","ping_status":"closed","template":"","meta":{"_eb_attr":"","site-sidebar-layout":"no-sidebar","site-content-layout":"page-builder","ast-global-header-display":"","ast-main-header-display":"","ast-hfb-above-header-display":"","ast-hfb-below-header-display":"","ast-hfb-mobile-header-display":"","site-post-title":"disabled","ast-breadcrumbs-content":"","ast-featured-img":"disabled","footer-sml-layout":"","theme-transparent-header-meta":"enabled","adv-header-id-meta":"","stick-header-meta":"","header-above-stick-meta":"","header-main-stick-meta":"","header-below-stick-meta":"","footnotes":""},"class_list":["post-1145","page","type-page","status-publish","hentry"],"_links":{"self":[{"href":"https:\/\/parafiakaliska.pl\/index.php\/wp-json\/wp\/v2\/pages\/1145","targetHints":{"allow":["GET"]}}],"collection":[{"href":"https:\/\/parafiakaliska.pl\/index.php\/wp-json\/wp\/v2\/pages"}],"about":[{"href":"https:\/\/parafiakaliska.pl\/index.php\/wp-json\/wp\/v2\/types\/page"}],"author":[{"embeddable":true,"href":"https:\/\/parafiakaliska.pl\/index.php\/wp-json\/wp\/v2\/users\/1"}],"replies":[{"embeddable":true,"href":"https:\/\/parafiakaliska.pl\/index.php\/wp-json\/wp\/v2\/comments?post=1145"}],"version-history":[{"count":29,"href":"https:\/\/parafiakaliska.pl\/index.php\/wp-json\/wp\/v2\/pages\/1145\/revisions"}],"predecessor-version":[{"id":6847,"href":"https:\/\/parafiakaliska.pl\/index.php\/wp-json\/wp\/v2\/pages\/1145\/revisions\/6847"}],"wp:attachment":[{"href":"https:\/\/parafiakaliska.pl\/index.php\/wp-json\/wp\/v2\/media?parent=1145"}],"curies":[{"name":"wp","href":"https:\/\/api.w.org\/{rel}","templated":true}]}}